. Let z = -231 + d. Suppose 0 = -n + 4*x + 67 - 21, -2*n - 5*x = -z. Calculate the highest common factor of 36 and n.
18
Let d(h) = h**2 - 10*h + 5. Let r be d(8). Let t = r - -21. Calculate the highest common factor of 5 and t.
5
Suppose -3*w - 3 = -0*w, 4*z + 5*w - 19 = 0. Let h = -50 - -116. Calculate the highest common factor of z and h.
6
Suppose -3*d - 46 + 58 = 0. Calculate the greatest common divisor of d and 8.
4
Let v(b) = -5*b + 3*b - 4 + 6. Let h be v(-2). Let a be 52/(-6)*h/(-4). Calculate the greatest common divisor of a and 13.
13
Let n(s) = s**3 - 6*s**2 - 10*s + 3. Let m be n(9). What is the greatest common factor of m and 12?
12
Suppose 1 = -r + 3. Let m = -37 - -55. Calculate the highest common factor of m and r.
2
Suppose 3*j - 3*h - 66 = 0, 2*h - 26 - 105 = -5*j. Let c = -204 + 329. Calculate the greatest common factor of j and c.
25
Let x(n) = n**3 - 4*n**2 + n + 5. Let k = 12 - 1. Suppose -1 + k = 2*m. Let j be x(m). What is the highest common factor of j and 5?
5
Let d = -1 + 4. Suppose 0 = -3*r + d*x + 16 + 5, -5*r + 4*x + 36 = 0. What is the greatest common divisor of r and 1?
1
Suppose 4*m - 1 - 15 = -3*g, -5*g = -3*m - 75. Calculate the greatest common factor of 36 and g.
12
Suppose 0 = 2*a - 5*b + 59, -1 = 2*b - 3. Let l be (-342)/a + 4/(-6). What is the greatest common divisor of 30 and l?
6
Suppose -4*k + n = -18, -5*n = -3*k - 0*n + 22. Suppose 94 = 4*l - 2*t, 1 = -l + k*t + 7. Calculate the highest common factor of l and 13.
13
Suppose n + 8 = f + 2*f, n - f = -4. Let h = 1 + n. Let i be h/(-5) + (-128)/(-10). Calculate the highest common divisor of 52 and i.
13
Let f be (-6 + 0)*2/(-3). Let s = -1 + f. Let r be s/(6/4) + 18. Calculate the greatest common divisor of r and 5.
5
Let f = 16 - -11. Suppose 4*i = 7*i - f. What is the highest common divisor of i and 1?
1
Suppose -4*p + 3*d + 65 + 22 = 0, p - 22 = d. Calculate the highest common divisor of p and 6.
3
Suppose 8 = 5*s - 267. Calculate the highest common divisor of 5 and s.
5
Let k(g) be the first derivative of 5*g**2/2 - 15*g - 3. Let s be k(14). Calculate the greatest common divisor of 5 and s.
5
Suppose -4*j - 7 = -43. Suppose -286 = 7*h - j*h. Calculate the greatest common factor of h and 13.
13
Let r be (-14)/(-1) - (0 - -1). Suppose -6*f = 2*w - 3*f, w - 4*f = 0. Suppose 2*u + w*u = 78. What is the greatest common divisor of r and u?
13
Let k = 41 + -23. Calculate the greatest common factor of k and 126.
18
Suppose 3*f - 2*o = 3, -o = -3*f - 3*o + 15. Suppose -j - f*j = -48. What is the greatest common factor of 12 and j?
12
Suppose -6*u + 20 = -u. Let h(r) = 4*r + 4*r**2 - 2*r**2 + 3*r**2. Let b be h(u). Calculate the highest common factor of 12 and b.
12
Let c(p) be the third derivative of 4*p**6/15 + p**5/60 - p**3/6 - 3*p**2. Let g be c(1). Calculate the highest common divisor of g and 48.
16
Let k(q) = q**3 + 3*q**2 - 4*q + 8. Let i be k(-4). What is the highest common factor of 72 and i?
8
Suppose v - 102 = -2*v. Suppose 3*z - z = v. Suppose 47 - z = 5*c. Calculate the greatest common divisor of c and 6.
6
Let v = 20 - -6. Suppose 0 = -2*z + v - 8. What is the highest common factor of z and 45?
9
Let k(p) = 2*p**2 - 23*p + 24. Let l be k(12). Calculate the highest common divisor of 288 and l.
36
Suppose -u + 6*u = -70. Let k be (-14)/49 + (-74)/u. What is the highest common factor of k and 2?
1
Let a(x) = 2*x**2 + 5*x + 5. Let k be a(-4). Let r = 305 - 169. What is the greatest common divisor of k and r?
17
Let h be ((-9)/12)/(1/(-80)). Suppose 2*f - 4 - 44 = 0. Calculate the highest common divisor of h and f.
12
Let i(b) = -b**2 + 4*b. Let x be i(4). Suppose 0*d - d + 4 = x. What is the greatest common factor of 36 and d?
4
Suppose 5*a + 4*c = 104, 2*a + 12 = 5*c + 80. Suppose 5*i + 35 = -2*v, -v - 5*i + 35 = -6*v. Let s = v + a. What is the greatest common divisor of 112 and s?
14
Let d(p) = -5*p**3 - 2*p**2 - p. Let a be d(-1). Let x = -57 - -93. What is the greatest common divisor of a and x?
4
Let t = 11 - -21. What is the greatest common divisor of t and 16?
16
Let p be (-1 - 1)/(0 - 2). Suppose -3*a = -0*a. Let s(k) = k + 2. Let x be s(a). What is the highest common divisor of p and x?
1
Let z = -42 + 112. Calculate the greatest common factor of 56 and z.
14
Let l = -41 - -64. Let i be (184/(-4))/((-1)/2). What is the highest common divisor of i and l?
23
Let k be (-2 + 4)/(-4*(-3)/18). Let p = 6 + -4. Let v be p/(2/(-9))*-1. What is the highest common factor of v and k?
3
Let z = 10 + 22. Calculate the greatest common factor of z and 96.
32
Let t(v) = -2*v + 11. Let u be t(9). Let c be (-1 - 17/u)*7. Calculate the greatest common factor of c and 80.
10
Let p(l) = -l**3 - 8*l**2 - l - 13. Let x be p(-9). Let y = x - 44. Suppose -u = -4*u + y. What is the greatest common divisor of 22 and u?
11
Let k = -5 + 2. Let l be (k/9)/((-1)/39). What is the highest common divisor of l and 91?
13
Suppose -2*b + 7*b = 10. Suppose -4*z = -8, -b*t + 2*z - 18 = -3*t. What is the highest common factor of t and 56?
14
Let s be 0/(-3) + (-3 - -1). Let r(a) be the third derivative of -a**4/4 - a**3/6 + 2*a**2. Let h be r(s). What is the greatest common factor of 55 and h?
11
Let u = -20 + -12. Let w = 15 + u. Let n be 0 - (w + 2 - 2). What is the greatest common divisor of 153 and n?
17
Suppose 72 = 2*k + 12. Calculate the greatest common factor of 90 and k.
30
Let h(f) = -f**2 + 9*f. Suppose 1 = -g + 9. Let z be h(g). Calculate the highest common factor of 8 and z.
8
Let h(s) = -s**3 + 7*s**2 + 12. Let z be h(7). What is the highest common divisor of z and 8?
4
Let m(a) = a + 22. Let c be m(-14). What is the greatest common divisor of 8 and c?
8
Suppose -38*b + 44*b = 750. Calculate the greatest common factor of b and 50.
25
Let c(q) = -7*q**2 - 9*q - 5. Let y be c(7). Let g = 273 - y. Suppose -4*r = 4*o - g, 4*o + 0*r - 689 = -3*r. Calculate the greatest common divisor of 16 and o.
16
Let a(d) = d**3 - 7*d**2 + 6*d + 8. Let c be a(6). Calculate the highest common divisor of c and 56.
8
Let g(m) = -m**3 + 7*m**2 - 6*m + 2. Let i be g(6). Suppose -i*w + 30 = -4*w. Let o = w - -39. Calculate the greatest common divisor of 60 and o.
12
Suppose 5*w + 3*w = 2232. What is the greatest common factor of 31 and w?
31
Suppose 2*g - 7*g - 320 = -3*c, -3*c - 4*g + 338 = 0. Suppose 2*l = -0*l + c. What is the highest common divisor of l and 5?
5
Let u(r) = r + 88. Let j = 2 + -2. Let y be u(j). Let z(q) = q**3 - 6*q**2 + 2*q - 4. Let m be z(6). What is the greatest common divisor of m and y?
8
Let u(d) = 5*d**2 - 1. Let g be u(1). Let h = 4 - g. Let s be (6 - h)/1 + -1. Calculate the highest common divisor of s and 5.
5
Let p = -49 - -181. Suppose 0 = 14*y - 15*y + 13. Let l be y + 2/(-1 - 1). Calculate the greatest common divisor of l and p.
12
Let i(m) = m**3 - 12*m**2 + 22*m - 2. Let z be i(10). What is the greatest common divisor of z and 144?
18
Suppose 2*v - 34 - 5 = 5*s, -4*s = -3*v + 76. Calculate the highest common factor of 8 and v.
8
Let w(n) = n**3 + 5*n**2 + 3*n - 2. Let o be w(-3). Let u = 143 + -94. Calculate the highest common factor of u and o.
7
Suppose 10 = 6*k - k. Suppose -2*h - k = 0, -2*w - 2*h - 1 = -w. Let u be ((-6)/9)/(w/(-126)). Calculate the highest common factor of u and 12.
12
Suppose 30 = s + 3*t - 8*t, -2*s + 2*t + 76 = 0. What is the highest common divisor of s and 200?
40
Let w(d) = -3*d + 4*d + d**3 - 9*d**2 + 0*d**2 + 2*d**2. Let t(k) = k**2 + 3*k + 3. Let l be t(-4). Let x be w(l). What is the highest common factor of x and 7?
7
Let m be (-5)/(1/2*-2). Suppose -4*h - 2*z = -4*z, 0 = h + 4*z. Suppose 0 = -n - s + 9, h = -m*s + 16 - 1. What is the highest common factor of n and 42?
6
Suppose -3*v = -v - 36. Suppose -4*z + 33 = 3*q, -2*q = -3*z - 5*q + 27. What is the greatest common factor of z and v?
6
Suppose 0 = -4*d + 71 + 33. Suppose 3*f - d = 2*f. Suppose -4*k = -124 - 32. What is the greatest common divisor of f and k?
13
Let f = 9 + 6. Suppose 27 + f = 3*y. What is the highest common divisor of y and 35?
7
Let a(q) = 44*q**2 - 2*q + 1. Let m be a(1). Let h = -21 + m. Let k = -16 + 38. What is the greatest common factor of h and k?
22
Suppose -t = -m - 1, 4*t - 5 = -3*m + 6. Suppose j - g = 10, t*j = -0*g - 2*g. What is